*a**2 - 201*a - 61. What is z(-25)?
-36
Let r(v) = -147401*v - 5159027. What is r(-35)?
8
Let h(l) = -409*l + 216195. Calculate h(527).
652
Let j(z) = -324*z**3 - 24*z**2 + 4*z + 4. Calculate j(-1).
300
Let j(z) = 1597*z - 2803. Give j(5).
5182
Let t(y) = 2*y**3 - 50*y**2 - 19397*y + 502979. Calculate t(26).
9
Let l(o) = o**3 - 102*o**2 - 3039*o - 358. What is l(-24)?
2
Let y(q) = -451*q**2 + 5341*q + 22. Determine y(12).
-830
Let c(f) = -2097*f + 12626. Determine c(6).
44
Let x(s) = -s**2 - 6*s + 2223. What is x(-45)?
468
Let m(c) = -33*c**2 + 49*c - 336. Determine m(4).
-668
Let l(f) = 3*f**2 - 35*f - 6. What is l(10)?
-56
Let o(t) = -170*t - 17846. Give o(-103).
-336
Let q(t) = 173893*t + 1391147. Calculate q(-8).
3
Let u(c) = -c**2 + 696*c - 19230. What is u(29)?
113
Let b(j) = -j**2 + 24938*j - 846733. What is b(34)?
3
Let t(v) = v**3 + 74*v**2 - 40*v - 2871. Give t(-74).
89
Let j(l) = 10*l**2 - 8198*l - 57849. Give j(-7).
27
Let o(l) = -9573*l + 191481. What is o(20)?
21
Let a(m) = -43*m**2 + 3400*m - 3602. Give a(78).
-14
Let t(n) = n**2 - 1780*n + 42139. Give t(24).
-5
Let l(h) = 21*h**2 - 248*h + 718. Determine l(5).
3
Let u(d) = -789*d**2 + 290349*d + 1109. Determine u(368).
5
Let o(l) = -82*l + 36154. Give o(443).
-172
Let k(c) = -4*c - 259. Calculate k(-55).
-39
Let k(d) = 5279*d + 158366. Determine k(-30).
-4
Let k(f) = f**3 - 163*f**2 - 329*f - 121. What is k(165)?
44
Let x(o) = 2*o**3 - 15*o**2 + 9617*o - 76999. What is x(8)?
1
Let s(h) = -18789*h + 9864229. Give s(525).
4
Let v(i) = -4*i**3 - 2614*i**2 - 1301*i + 3252. Give v(-653).
-13
Let b(m) = -m**2 + 3403*m + 34109. What is b(-10)?
-21
Let g(o) = o**2 - 22019*o + 1995440. Calculate g(91).
-8
Let z(f) = -18*f**3 + 3131*f**2 + 193*f - 543. Determine z(174).
2763
Let f(w) = -2*w**2 - 19568*w + 137053. What is f(7)?
-21
Let a(m) = m**3 + 3*m**2 + 52*m + 307. What is a(-5)?
-3
Let l(r) = -23*r**3 + 7060*r**2 + 311*r - 1224. Calculate l(307).
4
Let o(k) = -k**2 - 11*k + 1095. Calculate o(-37).
133
Let i(f) = f**3 + 526*f**2 + 8651*f - 1010. What is i(-509)?
8
Let m(n) = -4*n**3 + 3*n**2 - n + 54. What is m(-6)?
1032
Let a(i) = 61169*i - 244601. What is a(4)?
75
Let z(b) = -4810*b - 285. Calculate z(0).
-285
Let l(a) = 56*a + 2423. Give l(-46).
-153
Let z(x) = -395968*x + 395960. Calculate z(1).
-8
Let s(a) = -a**3 + 86*a**2 + 1288*a + 61. Determine s(-13).
48
Let w(k) = -3*k**3 + 27*k**2 - 80*k + 300. What is w(7)?
34
Let w(h) = -19*h**2 - 913*h - 12. What is w(-48)?
36
Let l(f) = -f**3 - 196*f**2 - 487*f - 19210. Determine l(-194).
-4
Let d(a) = -466*a - 87782. Determine d(-186).
-1106
Let o(f) = -2*f**3 + 118*f**2 - 1125*f + 45. Give o(47).
186
Let t(a) = 20*a**3 + 83*a**2 + 47*a - 6. What is t(-4)?
-146
Let d(v) = 93*v - 16373. Determine d(173).
-284
Let p(r) = -r**3 + 283*r**2 - 620*r - 61677. Give p(280).
-77
Let r(l) = 961*l + 1739. Calculate r(-2).
-183
Let f(b) = -b**3 - 107*b**2 - 2950*b - 4758. Calculate f(-54).
-6
Let f(p) = -p**3 - 151*p**2 - 1992*p - 4973. What is f(-11)?
-1
Let f(a) = 40451*a + 323615. What is f(-8)?
7
Let u(p) = -17*p**2 + 12499*p - 2938. What is u(735)?
2
Let y(a) = -10*a**2 - 402*a + 4096. Calculate y(10).
-924
Let r(c) = 337177*c - 1685881. Give r(5).
4
Let x(h) = 1005815*h + 12069779. Calculate x(-12).
-1
Let z(l) = 3929*l**2 + 3931*l. What is z(-1)?
-2
Let f(a) = 1977*a**2 - 73146*a + 90. Give f(37).
201
Let c(b) = -661*b - 226026. Calculate c(-342).
36
Let u(o) = 2106731*o - 18960580. Determine u(9).
-1
Let j(v) = -v**2 - 193*v - 7749. Calculate j(-53).
-329
Let q(m) = -m**3 - 21*m**2 + 13*m + 514. Determine q(-20).
-146
Let n(z) = -z**3 - 161*z**2 - 478*z - 632. Determine n(-158).
0
Let z(a) = -1260*a - 44214. What is z(-35)?
-114
Let l(g) = g**3 + 257*g**2 + 1485*g - 122. Calculate l(-6).
4
Let m(f) = f**3 - 47*f**2 + 194*f - 1231. Determine m(43).
-285
Let d(n) = -442*n + 11529. Give d(27).
-405
Let i(c) = c**2 + 634*c + 84095. Calculate i(-445).
-10
Let n(m) = m**3 + 12*m**2 - 49*m + 261. Calculate n(-17).
-351
Let d(k) = 37*k**2 - 3982*k - 639. Determine d(108).
873
Let j(r) = -13*r**3 - 187*r**2 + 1459*r + 21410. What is j(-14)?
4
Let r(s) = 2*s**2 + 16527*s + 181554. Determine r(-11).
-1
Let l(m) = -7*m**2 + 12641*m - 336193. Calculate l(27).
11
Let w(u) = 1428*u**3 - 4*u**2 + 320*u - 317. Determine w(1).
1427
Let z(a) = -a**2 + 1264*a - 23656. Determine z(19).
-1
Let k(z) = -3*z**2 + 820*z + 4662. Calculate k(279).
-81
Let s(i) = -2*i**2 - 27173*i + 653310. Give s(24).
6
Let n(x) = -20*x**3 - 19*x**2 + 6*x + 85. What is n(0)?
85
Let o(r) = -r**3 - 12*r**2 + 276*r + 2469. What is o(-8)?
5
Let f(w) = 8*w**2 + 354*w + 4114. Calculate f(-13).
864
Let x(f) = f**2 + 154*f + 2674. What is x(-19)?
109
Let a(z) = -z**2 - 2874*z - 34439. Calculate a(-12).
-95
Let n(o) = 4*o**2 + 135*o + 1031. Give n(-21).
-40
Let q(y) = -y**3 + 29*y**2 + 756*y + 579. Calculate q(-16).
3
Let c(n) = 2900*n - 20310. What is c(7)?
-10
Let b(i) = -i**2 - 557*i - 17209. What is b(-36)?
1547
Let i(g) = 6864*g - 336324. What is i(49)?
12
Let v(w) = w**2 - 19078*w + 457302. Determine v(24).
6
Let z(t) = 13*t**2 + 585*t - 1194. Determine z(-47).
28
Let j(p) = 1212*p - 72724. Give j(60).
-4
Let p(o) = 585*o + 54980. What is p(-94)?
-10
Let o(h) = -15950*h + 223370. Give o(14).
70
Let q(p) = 3*p**3 - 318*p**2 + 329*p - 1245. Determine q(105).
225
Let n(p) = 2*p**2 + 9041*p - 81528. Give n(9).
3
Let j(s) = -723*s**2 - 179317*s - 3228. Calculate j(-248).
-4
Let u(q) = -69*q**2 + 59894*q - 1760. What is u(868)?
-24
Let q(c) = -82*c**2 + 458*c - 897. Calculate q(2).
-309
Let g(u) = -744*u**2 - 8249*u - 126. Calculate g(-11).
589
Let x(i) = -498*i**2 + 138*i + 146. Calculate x(-1).
-490
Let n(h) = 610*h - 188. Give n(-2).
-1408
Let s(h) = -6865*h - 1764299. Give s(-257).
6
Let u(v) = -3316*v - 10240. What is u(-3)?
-292
Let z(u) = 2932*u + 1703498. What is z(-581)?
6
Let u(t) = t**2 - 4326*t - 21647. Determine u(-5).
8
Let t(d) = -257*d - 579. What is t(-7)?
1220
Let s(h) = -h**2 - 43*h - 1821. What is s(-42)?
-1779
Let k(l) = 35098*l**2 - 35103*l. Determine k(1).
-5
Let x(k) = -22014*k + 902581. Give x(41).
7
Let k(w) = -703*w + 85778. Determine k(122).
12
Let x(h) = -53*h + 18167. What is x(343)?
-12
Let v(j) = j**2 + 44*j - 7761. Give v(-113).
36
Let i(l) = -3*l**3 - 82*l**2 - 181*l + 1398. What is i(-24)?
-18
Let d(m) = -3*m**3 + 63*m**2 - 250*m - 607. Calculate d(8).
-111
Let o(z) = -2*z**2 + 99*z - 621. Determine o(57).
-1476
Let m(d) = -d**3 + 3*d**2 + 1555*d - 744. What is m(-38)?
-630
Let m(l) = 41140*l - 534825. Determine m(13).
-5
Let j(r) = -4*r**3 + 26*r**2 - 157*r + 1237. What is j(7)?
40
Let s(q) = 5107*q - 40688. What is s(8)?
168
Let x(y) = y**3 + 291*y**2 - 2082*y + 1247. What is x(-298)?
55
Let k(g) = -g**3 - 141*g**2 + 584*g + 715. What is k(5)?
-15
Let x(u) = 14*u**3 + 27*u**2 - 79*u + 4. Give x(3).
388
Let k(j) = 6*j**2 - 1493*j + 8503. Calculate k(243).
-2
Let m(l) = 96*l - 7129. Determine m(50).
-2329
Let d(q) = -q**2 + 631*q + 273139. What is d(-295)?
-31
Let s(u) = -1651*u + 188221. Calculate s(114).
7
Let f(r) = -5*r**2 - 522*r - 5007. Give f(-11).
130
Let a(j) = 7415*j + 74178. What is a(-10)?
28
Let h(y) = y**2 - 12*y - 1043. Give h(-19).
-454
Let o(i) = i**3 - 171*i**2 - 80*i - 15587. Give o(172).
237
Let c(o) = -3*o**3 + 12*o**2 + 73*o + 92. What is c(9)?
-466
Let r(w) = -4788*w - 6431. Determine r(-2).
3145
Let n(h) = -21469*h + 300863. Give n(14).
297
Let t(p) = -p**3 - 459*p**2 + 4677*p + 33. What is t(10)?
-97
Let x(r) = 7*r**2 - 1054*r + 5049. Determine x(5).
-46
Let j(i) = 100*i - 1920. Give j(18).
-120
Let s(q) = -3*q**3 + 131*q**2 - 617*q + 22962. Calculate s(43).
129
Let j(p) = 4*p - 39. Calculate j(74).
257
Let i(y) = 81*y + 13453. Determine i(-166).
7
Let c(k) = -k**3 + 362*k**2 - 1768*k - 6067. Determine c(357).
2
Let o(u) = -u**3 + 64*u**2 + 28*u - 2161. Calculate o(64).
-369
Let k(t) = 147763*t - 59991766. What is k(406)?
12
Let j(i) = 4083*i - 8232. Calculate j(2).
-66
Let x(y) = -49*y**3 + 8*y**2 - 5*y - 2. Calculate x(3).
-1268
Let c(p) = 29459*p - 441877. Calculate c(15).
8
Let q(y) = 15*y**2 - 293*y - 91. Determine q(20).
49
Let a(j) = j**3 - 707*j**2 - 818*j + 77887. Calculate a(708).
7
Let p(u) = 8*u**2 - 70*u + 102. Giv